v) = v - 11. Let j(g) = r*u(g) + 9*c(g). Let x be ((-2)/3)/(12/18). Calculate j(x).
6
Let u(b) = -b**2 + b - 7. Suppose 4*j - j = 8*j. Give u(j).
-7
Suppose -3*j + 4 = -2*j. Suppose 4*b = -0*l + 3*l - 9, 0 = j*b + 5*l + 49. Let i(t) = t**3 + 5*t**2 - 5*t + 4. Determine i(b).
-2
Let b(x) = -x**2 + 2*x + 1. Let t(k) = -3*k**3 + 2*k**2 + k. Let y be t(-1). Suppose 0 = y*d + d + 5. Let r = d + 0. Calculate b(r).
-2
Let z(k) = -51*k**2 - 2 - k + 104*k**2 - 4*k - 54*k**2. What is z(-5)?
-2
Suppose -n - 79 = -4*n - 5*o, -2*n = 4*o - 54. Let s = -28 + n. Let g(h) = h**3 + 6*h**2 + 5*h - 3. Calculate g(s).
-3
Let y = -6 + 10. Suppose -y*j = -8*j. Let t(r) be the second derivative of r**5/20 - r**4/12 + r**3/6 + 3*r**2 - r. Determine t(j).
6
Let p be 3 - 142/24 - -3. Let z(m) be the second derivative of 0*m**2 - p*m**4 + 0 - 9/20*m**5 - 1/6*m**3 + 2*m. What is z(-1)?
9
Let v(w) = -w - 2. Let q = 5 - 0. Suppose -2*y - q = -x + y, 2*y + 25 = 5*x. Suppose 0*a - x = a. Determine v(a).
3
Let d be 2/(-7) - (-26)/91. Let s(l) = -l**3 - l**2 - 6. Give s(d).
-6
Let b(m) = m**3 + m**2 - m. Let w = 5 + -3. What is b(w)?
10
Let h(n) = n**3 + 5*n**2 - 5*n. Let r be h(-6). Let m(z) = z**3 + 5*z**2 - 6*z. Determine m(r).
0
Let i(r) = r**3 + 3*r**2 - 5*r + 1. Let y be i(-4). Let a(s) = s**3 - 3*s**2 - 2*s - 5. Let t be a(4). Let x(w) = w + y*w + 2 - t*w. What is x(3)?
11
Let m = 28 + -26. Let n(z) = -1 + 5*z + 0*z - z**2 - 4*z. Determine n(m).
-3
Let w be (-6)/2*8/6. Let m(i) = 4*i + 6. Let p(s) = -7*s - 11. Let y(l) = 5*m(l) + 3*p(l). Calculate y(w).
1
Let j(u) = u - 5. Let y be j(4). Let i(g) = -11*g**3 - 2*g**2 - 2*g - 1. Determine i(y).
10
Suppose -4*x = -y - 21, 5*y + 2 + 1 = 3*x. Let z be 2/(-2 + 5/2). Let w be z*(x/8 + -2). Let p(r) = -r**2 - 5*r - 5. Determine p(w).
-5
Let o(j) be the second derivative of -j**6/240 + j**5/120 - j**4/4 - 3*j. Let h(z) be the third derivative of o(z). What is h(3)?
-8
Suppose -5 = -3*m - 26. Let r = 9 + m. Let z(k) = -4 + 1 - 1 + 2 + r*k. Calculate z(4).
6
Let h(f) be the first derivative of -f**4/4 + 2*f**3/3 - 4*f - 2. Give h(3).
-13
Let g(m) = m**2 + 6*m + 7. Let o(s) = s**3 + 8*s**2 + s + 2. Let b be o(-8). Calculate g(b).
7
Let r(f) = f**3 - 5*f**2 + f - 2. Let x = 28 + -23. Determine r(x).
3
Let k(m) = -m**2 + 1. Let v = 4 - 4. Let f = v + -1. Calculate k(f).
0
Let f = 24 + -20. Let h(l) = -l**3 + 1 - f - 4*l**2 - 3 + 5. Determine h(-3).
-10
Let y(k) = 31 - k**2 + k - 5*k - 30. Calculate y(-3).
4
Let j(h) = h**3 - 4*h**2 - 3. Let m = -51 - -111. Suppose -m = -4*v + 4. Suppose -4*g + 0*g = -v. Give j(g).
-3
Let f(h) be the first derivative of -2*h - 1/2*h**2 - 1 + 1/6*h**3. Let r(n) be the first derivative of f(n). What is r(1)?
0
Let l(w) = w**2 + 7*w + 6. Let k(y) = 2*y**2 - 17*y - 13. Let f be k(9). Determine l(f).
-6
Let w(a) be the first derivative of -a**7/420 - a**6/180 - a**5/60 - a**4/24 - a**3 + 2. Let l(p) be the third derivative of w(p). Give l(-1).
1
Let b(c) be the second derivative of 7*c**4/12 + 5*c**3/6 + 6*c**2 + 3*c. Let a(l) = -10*l**2 - 7*l - 18. Let m(t) = -5*a(t) - 7*b(t). Calculate m(0).
6
Let c(a) = -a**2 - 3*a. Let x(q) = -q**3 + 3*q**2. Let r be x(3). Suppose -n - n - 8 = r. Determine c(n).
-4
Let c(u) = -u + 16. Let f be c(12). Let j(g) = -3*g + 6. Determine j(f).
-6
Let k = 3 - 9. Let n(u) = 8*u**2 + 6*u + 6. Let o(b) = -9*b**2 - 6*b - 7. Let r(j) = k*o(j) - 7*n(j). Determine r(-4).
-8
Let m be -1 - (4/1 + 0). Let v(d) = 2 - 5 + 3*d**2 - 1 - 2*d**2 + 4*d. What is v(m)?
1
Let z(p) = 2*p**2 + p + 4. Let n(m) = -1. Let r(t) = -4*n(t) - z(t). Give r(-1).
-1
Let x = -1 - 2. Let z(c) = -2*c - 4. What is z(x)?
2
Let z(u) = -2*u**2 + 5*u + 4. Let m be 8 - 0 - (2 + 2). Determine z(m).
-8
Suppose i = -5 + 1, n + i = -2. Let l(o) = o**2 + o - 1 + 3*o**3 - n*o + 8*o**3. What is l(-1)?
-10
Let r be 1/5 + (-572)/110. Let k(f) = -f**2 - 3*f + 6. What is k(r)?
-4
Let k(l) = -7*l**3 + 2*l**2 - 1. Let t(d) = d + 2. Let m = 10 + -20. Let g = 7 + m. Let f be t(g). Determine k(f).
8
Let d(g) = 20*g**3 + 21*g**2 + 4*g - 20. Let p(n) = 7*n**3 + 7*n**2 + n - 7. Let w(q) = -6*d(q) + 17*p(q). Suppose 3*c = -7 - 11. Determine w(c).
7
Let c = 38 + -30. Let n(x) = -x**2 + 8*x - 12. Calculate n(c).
-12
Let t(v) = 4 - 5*v - v + 5*v. Let h(z) = z**2 + 10*z + 23. Let k be h(-8). Calculate t(k).
-3
Suppose -b - 3 = -2*h, 4*h + 5*b - 30 = -h. Let n(c) be the second derivative of 5/12*c**4 - 7/2*c**2 + 0 - 1/3*c**h + 1/20*c**5 - 3*c. What is n(-5)?
3
Let l(d) = -d**2 + d + 1. Let m(j) be the third derivative of -j**5/15 + j**4/2 + 5*j**3/3 - 2*j**2. Let s(b) = 5*l(b) - m(b). Calculate s(-6).
1
Let x(r) = -7*r**2 + 14*r - 10. Let i(s) = -s**2 + s. Let j(n) = 6*i(n) - x(n). Determine j(7).
3
Let o(n) be the first derivative of -2 - 1/2*n**4 + 1/3*n**3 - n + 0*n**2. Give o(1).
-2
Let w(d) be the first derivative of d**3/6 - 9*d**2/2 - 6*d - 2. Let m(i) be the first derivative of w(i). Give m(6).
-3
Let b(s) = 3*s. Let y = 91 - 93. What is b(y)?
-6
Let j(i) = 3*i**2 - 12*i + 8. Let u(a) = a**2 - 4*a + 3. Let q(w) = -4*j(w) + 11*u(w). Give q(3).
4
Suppose -33 = -3*t + 3*q, -4*t - 5*q = -q - 60. Suppose t = -2*j + s - 0*s, 0 = 3*s - 15. Let c(i) = -i + 4 + 3*i - i. Determine c(j).
0
Let a(c) = 3*c - 5. Let g(q) = q - 2. Let f(i) = 2*a(i) - 7*g(i). Give f(3).
1
Suppose -20 = -5*d + 5, 5*h - 4*d = 0. Let c be (-6)/h - 1/(-2). Let s(v) = -12*v**3 + 2*v**2 + 2*v + 1. Calculate s(c).
13
Suppose -2*d - 4 = -10. Suppose -6*r + 14 = d*s - 5*r, -r - 1 = 0. Let n(x) = 2*x + 3 - s - 3*x. What is n(3)?
-5
Let b(g) = -g**3 - g**2 + g + 1. Suppose 0 = m + 4*c - 15, -7 = m - 2*m - 2*c. Let u be b(m). Let l(z) = -z**2 - z + 4. What is l(u)?
4
Let a(y) = -4*y**3 - 22*y**2 + 21*y - 19. Let l(x) = 3*x**3 + 15*x**2 - 14*x + 13. Let p(m) = 5*a(m) + 7*l(m). Calculate p(4).
8
Let b(h) = -9*h - 6*h + 13*h + 3. Let x(p) = 5*p**2. Let z be x(-1). Calculate b(z).
-7
Let k(x) = -x**2 - 2*x + 1 + 3*x - 4. Suppose 3*r - 5*n + 15 = 0, -r - 4*n + 3 = -3*n. What is k(r)?
-3
Let g = -6 + 2. Let q = 8 + g. Let t(l) = l**2 - 3*l + 2. Determine t(q).
6
Suppose 8 = -3*v - 7. Let x(y) = -y**2 - 3*y + 6. Let n be x(v). Let u(i) = 1 + 7 - i**2 - 6 - 5*i. What is u(n)?
6
Let b be (-1)/(9/(-15))*24/8. Let x(z) = z**2 - 7*z + 3. Calculate x(b).
-7
Suppose 0 = 2*n + 18. Let u(k) = -k**2 - 10*k - 5. Give u(n).
4
Suppose -4*a + 10*t = 5*t + 35, -3*a - 4*t - 3 = 0. Let r(v) = -5*v - v**2 + 0*v**2 + 2*v + 4. Calculate r(a).
-6
Let b(j) = 5*j - 7. Let f(k) = 11*k - 13. Let d(y) = 13*b(y) - 6*f(y). Determine d(-10).
-3
Let g be 2*1*15/10. Let m(i) = -4*i + 3*i**3 + 0*i**2 - 2*i**3 + g - 3*i**2. Let c be (-14)/(-6) - 6/(-9). Give m(c).
-9
Let v(q) = -5*q + 3. Let g be (-2)/(-5)*40/(-4). Let r(y) = -11*y + 6. Let t(w) = g*r(w) + 9*v(w). Suppose 3*a + a - 12 = 0. Give t(a).
0
Let h(d) = -2*d**2 + 6*d - 2. Let v(g) = 4*g**3 - g**2 + 1. Let o be v(1). Determine h(o).
-10
Let l(q) be the second derivative of -q**7/630 + q**6/240 + q**4/3 - 3*q. Let w(h) be the third derivative of l(h). What is w(2)?
-10
Suppose 2*z - 6 - 2 = 0. Let y(q) = z*q + 2*q + 4 + q**2 - q. Let k(w) = -w**3 - 2*w**2 + 3*w - 3. Let r be k(-3). Determine y(r).
-2
Let r(a) = a**2 + 2*a - 3. Let s be ((-1 + 1)/(-2))/1. Let o = 2 - s. Suppose 3*q = -0*z - 2*z - o, 18 = -5*z - q. Calculate r(z).
5
Let c(t) = -t + 7. Let n be c(7). Suppose n = 5*l + 26 - 11. Let o(r) = r. What is o(l)?
-3
Suppose 5*k - 20 = -5*a, 4*k + 2*a + 0*a = 12. Suppose -16 = -k*x + 6*x. Let c(t) = -t**3 - 3*t**2 + 3*t + 2. Calculate c(x).
6
Let x(c) = -c**3 + 2*c**2 - 1. Suppose 4*d = d. Let j(i) = -i**2 + d*i + 1 - 4*i - 2*i. Let m be j(-6). Calculate x(m).
0
Let u(c) = 5 + 14*c - 2*c**3 + c**3 - 27*c**2 + 15*c**2. What is u(-13)?
-8
Let r(a) = -9*a**3 + 6 - 2*a - 4 - 1. Let c be 54/48 - -2*(-2)/32. Give r(c).
-10
Let t(x) = -2*x + 2. Let h be 0/1 - (-3 - 0/6). Calculate t(h).
-4
Let q = 77 - 75. Let u(n) be the second derivative of 1/2*n**q + n + 0 - 1/6*n**3. Give u(4).
-3
Let x(r) = 3*r + 0*r**2 - 3*r - r**2 + 1. Let m(s) = -3*s**2 + 14. Let p(y) = m(y) - 2*x(y). What is p(0)?
12
Let x(b) = -8*b**3 + b**2 + 3*b - 4*b + 0*b**3. What is x(1)?
-8
Let s be (0 - (2 - 0))*1. Let z = -1 - s. Let f(w) be the third derivative of -w**4/8 + 12*w**2. Deter